 0. Suppose 0 = r*p + 15, 2*z + 25 = -0*z - 5*p. Let h(x) = -x**3 + x**2 + x + 2. Calculate h(z).
2
Let g(u) = 2*u**2 + 3*u + 1. Let k be g(-2). Suppose -t = k*t - 8. Let l(f) = -f**2 - 1. Calculate l(t).
-5
Let a(v) = v + 2. Let h be a(6). Let y be 2/(-3) + h/(-24). Let x(s) = -3 + 2 - 2*s + 2. What is x(y)?
3
Let x(u) = 4*u - 3. Let o be x(3). Suppose o = 3*h + 3, -m = -2*h. Suppose 0 = -4*b - 9 - 3, m*a + 4*b + 8 = 0. Let c(p) = 2*p. Give c(a).
2
Let n(z) = -z**2 - 5*z - 1. Suppose -5*r - 13 - 7 = 0. Give n(r).
3
Let i(n) = 3*n - 3 + 0*n - 3*n + n. What is i(-5)?
-8
Suppose -3*w + 6*w - 15 = 0. Let c(h) = 5*h - 4*h + 7 + h**3 + 6*h**2 - w. Calculate c(-6).
-4
Let h(f) = f**2 - 2. Let p = 1 - 1. Give h(p).
-2
Let d(x) = -4*x**2 - 4*x + 3. Let q(a) be the first derivative of -3*a**3 - 4*a**2 + 7*a + 2. Let u(c) = 7*d(c) - 3*q(c). Give u(-4).
0
Let h(f) = -f**3 - f**2 - 8*f - 3. Let k(t) = -t**3 - 9*t - 3. Let r(b) = -5*h(b) + 4*k(b). Give r(-4).
3
Let w(c) = -c - 11. Let i(m) = 1. Let l(q) = -4*i(q) - w(q). Let r be (1/(-1))/((-1)/(-5)). Determine l(r).
2
Let f(n) = n**3 + 2*n**2 - 2*n - 1. Suppose -4*v + 2*v = 4. Calculate f(v).
3
Let z(a) be the second derivative of a**3/2 - 3*a**2 - 6*a. Calculate z(4).
6
Let o(f) = -10*f + 1. Suppose -4*g = -0*h + h + 3, 5*h - 2 = -3*g. What is o(h)?
-9
Suppose -3*g = -4*v - 2 + 39, 2*v = 2*g + 18. Let k = -9 + v. Let p(o) = -7*o**2 + o - 1. What is p(k)?
-7
Let j(k) = -k**2 - 1. Suppose 8*o = 3*o - 3*i - 6, -2 = -3*o + i. Let l = o - 1. Determine j(l).
-2
Let l be (-4)/(-10) + 28/5. Let k(g) = -g. Suppose -7*v - 5 = 2. Let r(f) = -7*f - 11. Let d(h) = l*k(h) + v*r(h). Calculate d(-5).
6
Let j(r) = r - 4. Let w be j(0). Let x(h) be the first derivative of 1 + 4*h + 4/3*h**3 + 1/4*h**4 + 1/2*h**2. Give x(w).
0
Let a(o) = 14*o**3 - 18*o**2 + 15*o + 12. Let h(p) = 5*p**3 - 6*p**2 + 5*p + 4. Let q(u) = -4*a(u) + 11*h(u). Let n = -21 - -26. Determine q(n).
-4
Let j(o) = o**3 + 8*o**2 - 9*o + 2. Suppose 2*u = -4*b - 34, -u - b + 2*b = 5. Determine j(u).
2
Let t(p) be the second derivative of -p**3/6 + 2*p**2 + 14*p. What is t(4)?
0
Suppose 5*f = 3*b - 2 + 11, -2*f - b = 3. Let l(r) = r**2 + 2 + f*r + r + 4. Let x be 2/(-4)*((-3)/(-3) + -1). Give l(x).
6
Let q(d) = d - 4*d - 3*d. Let c = -6 + 5. Let y = c + 2. What is q(y)?
-6
Let r be (0 + -1)/(1/(-5)). Let p(k) be the third derivative of -k**4/24 + k**3/3 - 3*k**2. Determine p(r).
-3
Let h(f) = -2*f**2 - 10*f - 11. Let g be h(-4). Let u(q) = 2*q**2 - q + 4. What is u(g)?
25
Let c(v) = -3*v**3 + 10*v**2 + 13*v - 3. Let k(u) = 4*u**3 - 10*u**2 - 14*u + 4. Let m(n) = 5*c(n) + 4*k(n). Determine m(-9).
1
Let c(w) = 4*w + 15. Let p(o) = -2*o - 8. Let s(d) = -4*c(d) - 7*p(d). Suppose 5*b = -14 - 11. Give s(b).
6
Let w(n) be the second derivative of -3*n**5/20 + n**3/3 + n**2/2 + 16*n. Calculate w(-1).
2
Let v(p) be the first derivative of 1/2*p**2 - 2*p - 2. Let b = 11 + -6. Give v(b).
3
Let r(b) = -b - 17. Let n be r(-25). Let w(f) = -f + 15. Determine w(n).
7
Let g(b) = b**2 - 3. Let y be -4*(1 + -3 - -1). Calculate g(y).
13
Let i(p) = 8*p. Suppose 4*t - 45 = -33. What is i(t)?
24
Let x(g) = -g**3 - 11*g**2 - g - 13. Let q be x(-11). Let j(c) be the first derivative of c**4/4 - 3*c**2/2 - 2*c - 1. Calculate j(q).
-4
Let i(y) be the second derivative of 0 + 1/6*y**3 + y**2 - 1/3*y**4 + 1/20*y**5 + 2*y. Calculate i(3).
-4
Suppose -15 = 5*r, 4*s - s + 3*r = 63. Let z be 1/3 - s/(-9). Let k(n) = z - n**2 - 1 - 3 - n + 5*n**3. Calculate k(-1).
-6
Let a = 0 + 3. Let f(p) be the second derivative of p**3/6 + 89*p. Give f(a).
3
Let w(v) = -6*v - 3. Let h(s) = -3*s - 1. Let a(l) = -13*h(l) + 6*w(l). Let b be 7/(-3) + (-5)/(-15). Let y be 3 + b - 6/(-2). Give a(y).
7
Let b(t) = 5 - 3*t - 14*t**2 - 12*t**2 + 25*t**2. Determine b(-5).
-5
Let k be 4/8 - (-11)/2. Let m(l) = l**2 - 5*l - 2. Let f be m(k). Let q(g) = -g**3 + 3*g**2 + g + 5. What is q(f)?
-7
Let q = 8 - 7. Suppose 2*i - 5 - q = 0. Let g(o) = -o**2 + 4*o. What is g(i)?
3
Let v(u) = u**2 - 4*u - 5. Let x be (-48)/(-10) - (-1)/5. Let k be v(x). Suppose k*g - 1 = g. Let m(l) = -3*l**2 - 2*l - 1. Determine m(g).
-2
Let x(z) be the third derivative of -z**5/60 + z**4/24 - z**3/2 + 7*z**2 - 3*z. Calculate x(0).
-3
Let q(a) = a**2 - 10*a - 10. Let f(n) = 3*n**2 - 21*n - 21. Let j(t) = 2*f(t) - 5*q(t). What is j(-6)?
-4
Let v = -11 + 13. Let y = v - 3. Let a(x) = -15*x**3 + x. Determine a(y).
14
Let b(k) = -k**2 - 3*k - 1 + 5*k**2 + k. Calculate b(-1).
5
Let s(k) = -3 - 3 + 8 - 3 - 3*k. Give s(1).
-4
Let c(p) = -4*p + 3*p - 5 - 11*p + p**2 + 5*p. Determine c(8).
3
Let d be 24/10 + (-4)/10. Let j(c) be the first derivative of -2 + 3*c + 4 + 0 + 3*c**d. Calculate j(-2).
-9
Let w be (-160)/(-28) + (-6)/(-21). Let n(x) = -x**3 + 7*x**2 - 4*x - 6. Give n(w).
6
Let f(j) = -j**2 - 3 + 38*j + 0 - 43*j. Let i = 1 + 0. Let w(t) = -6*t**3 + 2*t**2 - t. Let a be w(i). What is f(a)?
-3
Let g(p) = -p + 4. Let t(u) = -2*u**2 - 1. Let l be t(-1). What is g(l)?
7
Let u(o) = 5*o**3 + 3*o**2 - 3*o + 3. Let q(i) = i**3. Let s(w) = -4*q(w) + u(w). Give s(-4).
-1
Let r = -1 + 5. Let a(h) = -h**3 + 3*h**2 + 4*h + 4. Determine a(r).
4
Let v(i) be the third derivative of 1/3*i**3 - i**2 + 0*i + 0 - 1/24*i**4. What is v(0)?
2
Let a(i) = i**2 + 1. Suppose 3*p = -2*p. Suppose p = -2*x + x. Calculate a(x).
1
Let x(r) = -11*r + 4. Let v(n) = -n. Let s(k) = 6*v(k) - x(k). Give s(-3).
-19
Let y be 1*-1 - -4*1. Let b(v) = -y*v - v**2 + 0*v**2 - v**2. Suppose 4*w = w, 2*w = -5*s - 10. What is b(s)?
-2
Let x(b) = 2*b**2 + b. Let z = 2 - 5. Let o = z + 6. Suppose 0 = 2*f + 3*m + o + 14, 3*m + 15 = 0. What is x(f)?
1
Let r(b) = -b - 225 + 225. Calculate r(-7).
7
Let a(l) = -l**3 - 6*l**2 - 6*l - 5. Let o(n) = -2*n. Suppose -4*v = 5*h + 17, v = -h - 3*h - 7. Let x be o(h). Suppose -x*g = 7 + 3. Determine a(g).
0
Let s = 5 + -1. Suppose x - s*b + 4 = 17, -12 = -2*x + b. Let v(r) = -3*r**2 - 3*r + 4*r**3 - x*r**3 + 3 - 3. Calculate v(-2).
2
Let i(f) be the third derivative of -f**6/120 - 2*f**5/15 + f**3 + 20*f**2. Calculate i(-8).
6
Let n(t) be the third derivative of -t**5/60 + t**4/6 - 4*t**3/3 + 32*t**2. Calculate n(6).
-20
Suppose 2*z = z - 4*k + 6, 2*z - 5*k + 1 = 0. Let r = 4 + -2. Let n(h) = 6*h - 1 + h - h**r - 5*h. Determine n(z).
-1
Let u(v) = v**3 + v**2 - 1. Suppose -6*x + 9*x = -6. Determine u(x).
-5
Suppose -3*n = 4*r - 16, 2*r = 2*n + r - 18. Let h(i) = -i**3 + 8*i**2 + i + 3. Calculate h(n).
11
Let l(i) = i - 5. Let r = -6 - -10. Let h = r - 6. Let w be 3/h*(-16)/6. Determine l(w).
-1
Let x be (7 + -2)*8/(-20). Let d(p) = -p**3 - 2*p**2 - p + 1. What is d(x)?
3
Suppose 5*s - 3*d = -17, -d - 1 = 3*s + 2*s. Let f(b) = -2*b**2. Determine f(s).
-2
Suppose 55*m - 20 = 59*m. Let l(c) = -c - 6. Give l(m).
-1
Let g(q) = 32 + 14*q**2 - 32 - 2*q**2. What is g(-1)?
12
Let f(r) be the first derivative of -r**2/2 - 7*r + 48. Determine f(-5).
-2
Let g(f) = f + 9. Suppose -25 = 6*j + 17. Determine g(j).
2
Let y be 1/(-4) - 13/(-4). Let f = y - 8. Let w(q) = 3*q - 6. Let p(z) = -5*z + 12. Let d(t) = 4*p(t) + 7*w(t). Give d(f).
1
Let h(c) = 4*c**3 + 7*c**2 + 5*c + 10. Let j(s) = s**3 - s + 1. Let m(i) = -h(i) + 3*j(i). Give m(-6).
5
Let g(x) = -8*x + 38. Let o(s) = 3*s - 13. Let v(q) = -4*g(q) - 11*o(q). Let n = -5 + 0. Calculate v(n).
-4
Let k = 2 + -3. Suppose 4*u + q - 9 = 0, 4*u + 2*q - 6*q = 4. Let j(d) = -d**2 - u - 2*d + 1 + 0 + 6*d**3. What is j(k)?
-6
Let t(s) = s. Let i be t(4). Let p(o) = o**3 - 4*o**2 + 2*o - 5. What is p(i)?
3
Let z(v) = v**3 - 2*v**2 - 4*v + 3. Let l be z(3). Suppose l = o + 2*o - 5*x + 6, 5*x = 5*o. Let y(w) = -1 - w**2 + w**o - 1 + 4*w**2 - 6*w. What is y(-4)?
6
Let u be 3/(-2)*-2*1. Let s(n) = -11*n + 8. Let l(w) = -4*w + 1. Let q(y) = -4*l(y) + s(y). Give q(u).
19
Let r(n) be the third derivative of -n**5/60 - n**4/8 + 2*n**3/3 - 5*n**2. Let b = 4 - 1. Suppose 9 = -0*z - b*z. Determine r(z).
4
Let a be 1/(-2 - 5/(-2)). Let v(h) = -7*h + 0*h**2 - h**2 + 3 + a*h. Let r(k) = k**2 + 14*k + 8. Let w be r(-13). Calculate v(w).
3
Let j(y) = -16*y - 1. Let q be j(-1). Suppose -4*f - q = -f. Let h(d) = 2*d - 2 + 4 - d. Calculate h(f).
-3
Let g(p) = p - 3. Let s = 19 + -25. Give g(s).
-9
Let s(t) = 6 + 4*t + 13*t - 18*t - 1. Give s(6